*a - 0, -y*b + 18 = 4*a. Suppose d + s - b = 0, -d - d + 2*s + 14 = 0. What is the units digit of d?
7
Let w(i) = -i**3 - 10*i**2 - 5*i + 20. Let y be w(-9). Let q = -3 - y. What is the tens digit of q?
1
Suppose 3*i = 4*k + 67, 0 = -5*i + i + 20. Let z = 9 + k. What is the units digit of z*1/(0 + -2)?
2
Suppose -5*b + 234 = -2*b. What is the tens digit of b?
7
Let r be (330/45)/(1/(-3)). What is the units digit of (-84)/r + 18/99?
4
Let m = 4 + 3. Suppose -3*a = -m - 11. Let y = -3 + a. What is the units digit of y?
3
Let l(t) = -15 + 3*t - 23 + 34. Let m = 5 - 1. What is the units digit of l(m)?
8
Let l(d) = -d - 5. Let i be l(-9). Suppose i*y - 4 = 2*y. What is the units digit of y?
2
Let a(f) = -f. Let x(l) = -l - 5. Let b be x(-5). Let t be a(b). Suppose 0 = -5*y - t*u + 4*u + 75, u - 6 = -y. What is the units digit of y?
1
Let l = 421 + -185. What is the units digit of l?
6
Let s(n) = -n**3 + 4*n**2 + n - 4. Let m be s(4). Suppose 2*x = -k - 3, x - 3*k = -0*x + 2. What is the units digit of x/(3/(-21) + m)?
7
What is the units digit of 156/2*(-10)/(-20)?
9
Suppose -4*h = h - 585. What is the tens digit of h?
1
Let l(n) = 151*n**3 - 77*n**3 - 4*n + 1 - 73*n**3 + n**2 - 7*n**2. Let y(t) = -4*t - 1. Let b be y(-2). What is the tens digit of l(b)?
2
Let s = 193 + -78. What is the tens digit of s?
1
Let z(i) = i**3 + 4*i**2 - 2. What is the units digit of z(-3)?
7
Let n(f) be the first derivative of -f**3/3 + 3*f**2 + 4*f - 2. What is the units digit of n(5)?
9
Let c(l) = 3*l**2 + l - 1. Let b be 18/8 - 4/16. Suppose -2*g - 3*r - 19 = 0, -5 = b*r - r. What is the units digit of c(g)?
9
Let u(c) = c**2 - 4*c + 1. Suppose -t = -0*t. Let d be 12/3 + (0 - t). What is the units digit of u(d)?
1
Let n = -86 + 169. What is the tens digit of n?
8
Suppose 1 = -2*d + 13. Let s = d + -3. Suppose 0 = -5*z + 2*g + 68, 3*z + s*g - 40 = 4*g. What is the units digit of z?
2
Let g = 14 + -12. What is the tens digit of 4 + (0 - g) + 17?
1
Suppose 4*s = 6*s. Let o be s + 0*3/9. Suppose -8 = -o*z - 2*z + 4*y, -2*z - y = -28. What is the tens digit of z?
1
Let d be (3/9)/((-1)/(-15)). Suppose 3 = -s - 3*o, 3*s + d*o - 9 + 2 = 0. What is the units digit of (-4)/(-18) + 133/s?
5
Suppose -q + 4*k + 106 = 0, 0*k - 5*k = -20. What is the hundreds digit of q?
1
What is the hundreds digit of (42/18)/7 - (-440)/3?
1
Let a be 22/10 - 2/10. Let k be (-10)/4*a - -3. What is the tens digit of 70/6 - k/6?
1
Let v be (-2 - 0)/(-3 - -2). Let b = v - -19. What is the tens digit of b?
2
Let c be (22/3)/(8/12). Suppose -4*o + c = 3. What is the units digit of o/1*2/1?
4
Let f be 161/(-4) + (-1)/(-4). Let b = f - -87. What is the tens digit of b?
4
Suppose 3*g + 0*g + 30 = l, g - 2*l + 10 = 0. Let x = g - -15. Suppose 2*p - 32 = -x*q + p, -p - 28 = -5*q. What is the units digit of q?
6
Suppose 3*d - 24 + 6 = 0. Let a = d + -30. Let c = 36 + a. What is the units digit of c?
2
What is the units digit of (-2)/4 - 6/4 - -222?
0
Suppose z = -3*i + 16, 2*z = -4*i + 7*i - 13. Let s = -24 + 20. Let l = i + s. What is the units digit of l?
1
Suppose 71 + 39 = 2*w. What is the units digit of w?
5
Let g = -17 - -14. Let b(d) = -7*d + 2. What is the tens digit of b(g)?
2
Suppose n - 3*n + 12 = 0. Let i be (4 + -14)/((-4)/n). Suppose -5*a = -4*h - a + 24, -5*a = i. What is the units digit of h?
3
Let i(f) = f**3 + 11*f**2 + 8*f - 12. Let n(g) = -2*g**3 - 22*g**2 - 16*g + 23. Let x(k) = -7*i(k) - 4*n(k). What is the units digit of x(-10)?
2
Let x = 4 - 2. What is the tens digit of (x/(-6))/(2/(-90))?
1
Let r(z) = 8 - z + 0*z - 10. What is the units digit of r(-6)?
4
Suppose 2 - 6 = -i. Suppose -3*r + 22 = -i*g, 2*r + 2*g = -r + 52. Let k = r - 10. What is the units digit of k?
4
Let y(i) = i**2 - 14*i + 16. Let k be y(13). Suppose 2*s = 2*d - 9 + 29, -s - k*d - 10 = 0. What is the units digit of s?
5
Let i(b) = b**3 + 10*b**2 - 17*b - 5. What is the hundreds digit of i(-9)?
2
Let i = -31 + 14. Let u = 39 + i. What is the tens digit of u?
2
What is the hundreds digit of -3 - 4932/(-30) - 2/5?
1
Suppose u = 2*c - c + 16, 3*c + 67 = 4*u. What is the units digit of u?
9
Let h = 1 + 4. Let w(i) = -2*i + 6*i**2 + 2 + h*i - i. What is the tens digit of w(-2)?
2
Let i(v) = 11*v + 4. Let g(w) = -12*w - 3. Let d(q) = -4*g(q) - 5*i(q). Let a be d(-6). What is the units digit of ((-3)/(-6))/(1/a)?
7
Let q(t) = -t**2 - 2*t - 1. Let d be q(-2). Let i = 16 + -34. What is the units digit of d*i/(1 + 1)?
9
Let n(v) = -v + 2. Let a be n(-2). Let o = 13 - a. What is the units digit of o?
9
Let o(q) = -14*q + 5. What is the tens digit of o(-6)?
8
Suppose -8 = 3*q + 10. What is the units digit of 0 + 0 + (q - -8)?
2
Let w be (-2)/(-5) - (-8)/5. Suppose 0 = 2*s + 3*n - 31 + 6, -w*n + 40 = 3*s. What is the tens digit of s?
1
Let q(o) = -o**2 - o. Let y(n) = 5*n**2 - n - 7. Let c(j) = -6*q(j) - y(j). What is the units digit of c(-6)?
1
Let l(c) = -4*c + 5. Let z be l(-4). Suppose -5*v - 12 = 2*u - u, -4*u + 3*v = -z. What is the units digit of u?
3
Suppose 5 - 15 = 5*m. What is the units digit of 21/m*(-2)/3?
7
Let q = 199 - 131. What is the tens digit of q?
6
Let x(a) = 3 - 4 - 25*a**3 + 2 + 2*a + 2*a**2. Let p be x(-1). What is the units digit of (-2 + p/4)*2?
9
Let c(a) = 2*a - 2. Suppose 3*r + 35 = 5*s, -s + 7 = -3*r - 0*r. What is the units digit of c(s)?
2
Suppose -2*j - 2*j = -8, 5*j - 25 = -3*l. Suppose 2*d + 3*d = -l*y, 0 = -4*y - 5*d - 2. What is the units digit of y?
2
Suppose 2*j = 3*j - 21. What is the units digit of j?
1
Let q = 10 - -11. What is the tens digit of q?
2
Suppose -2*j + m + 28 = -0*j, j = -2*m + 19. Let p = -5 + 3. What is the tens digit of j/(p/((-2)/1))?
1
Suppose -3*r + 10 - 2 = 5*p, -4*r = 2*p - 6. Let m be r/3 + (-30)/9. What is the units digit of (m - -4)/(1/7)?
7
Let s(n) = -n**2 - n - 4. Let w be s(0). Let k be (0 - w)/2 - 5. Let g = 4 + k. What is the units digit of g?
1
Let g(h) = 14 + 3*h + 0 - 4*h. Let j be g(11). Suppose c = j*c - 32. What is the tens digit of c?
1
Suppose 4*a = 3*a + 38. What is the units digit of a?
8
Suppose -6*a + a = -10. Suppose -4*r + 2*r = 4. What is the units digit of (r - -2)/(-3) + a?
2
Let z(k) = -k**2 + 8*k - 5. Let i be ((-18)/(-21))/((-2)/(-14)). What is the units digit of z(i)?
7
Let u = 82 + -9. What is the tens digit of u?
7
Let p(b) = b**3 - 14*b**2 + 14*b - 13. Let h be p(13). Suppose -3*n + 0*n + 51 = h. What is the units digit of n?
7
Suppose s + 19 = 3*c, 3*c + 3*s - 27 = -2*c. Let l(f) = 6*f - 9. Let t be l(c). Suppose -2*r = r - t. What is the units digit of r?
9
Suppose q - 109 = -4*q + r, q - 3*r - 19 = 0. What is the tens digit of q?
2
Let c(v) = -v + 38. Let o = 18 + -2. What is the tens digit of c(o)?
2
Let x be -3*(0 + 1)*5. Let h = -73 + 70. Let y = h - x. What is the tens digit of y?
1
Let f = 4 + -1. Suppose -w = f*w. Suppose w = 5*v - 17 - 18. What is the units digit of v?
7
Suppose 4*w - 30 = -w. Let y = w + 10. Suppose 3*z = y + 8. What is the units digit of z?
8
Let m = -1 + 5. Suppose 6 = g + m*z, 0 = -0*g - 4*g + z + 75. Suppose -2*b + 3*b - g = 0. What is the units digit of b?
8
Let p = -22 - -36. Suppose 5*x - 9 = x + m, -3*m - p = x. What is the units digit of x?
1
What is the units digit of -4 + -4*(-18)/8?
5
Let s be 1/(-2 + (-286)/(-144)). Let m = 137 + s. Suppose 8*y - 3*y - m = 0. What is the tens digit of y?
1
Let s = -18 + 72. What is the tens digit of s?
5
Let o = 17 - 2. What is the tens digit of o?
1
Suppose 0 = 5*a + l + l - 148, -3*l - 3 = 0. What is the units digit of a?
0
Let l be (-2)/((-4)/6) + -1. Let d(n) be the second derivative of n**4/6 + n**2 - 13*n. What is the units digit of d(l)?
0
Let b(y) = 0 + 8*y + 2*y**2 - 7 - 7. What is the units digit of b(-7)?
8
Suppose -3*z = -2*v + 467, -5*v + 2*v = -3*z - 708. What is the tens digit of v?
4
Let v(m) = -11*m - 5. What is the units digit of v(-5)?
0
Let r(w) = -21*w**2 + w + 1. Let m be r(-1). Let d = m + 11. What is the tens digit of (-45)/6*16/d?
1
Suppose -3*o = -15, 15 + 61 = 3*g + 2*o. Suppose 4*z = g + 14. What is the units digit of z?
9
Let x be 1/(-2) - 35/2. Let j = 10 + x. What is the tens digit of (-4)/(-2) - (j - 0)?
1
Let n(u) = -u + 1. Let t(c) = 7*c - 10. Let w(p) = 6*n(p) + t(p). What is the units digit of w(9)?
5
Let d = -39 + 167.